Give p(-5).
37
Let n(c) = 2*c**2 - 11*c - 5. Give n(6).
1
Let h(q) = q**2 + 5*q + 10. What is h(-7)?
24
Let s(l) = 2*l + 5. Give s(8).
21
Let q(s) = s**2 - 9*s + 6. Calculate q(8).
-2
Let n(m) = m**2 - 6*m + 14. Determine n(6).
14
Let s(u) = 5*u**2. What is s(2)?
20
Let l(g) = -g**2 - 6*g + 1. Determine l(-7).
-6
Let q(b) = -3*b + 22. Calculate q(5).
7
Let k(b) = -2*b**3 - b - 2. What is k(-2)?
16
Let j(o) = -2*o**3 - 8*o**2 - 13*o - 3. Calculate j(-5).
112
Let x(m) = -m**2 + 23*m - 36. Calculate x(21).
6
Let c(d) = d**3 - d**2 + 2*d + 2. Give c(0).
2
Let o(g) = 117*g**2 - 2*g - 1. What is o(1)?
114
Let j(f) = f**2 - 17*f + 21. What is j(16)?
5
Let w(m) = 2*m - 46. What is w(22)?
-2
Let u(f) = 12*f + 2. Determine u(2).
26
Let s(l) = l**3 - 3*l**2 + 7. Calculate s(3).
7
Let h(w) = 2*w + 34. What is h(-5)?
24
Let b(j) = -67*j + 275. What is b(4)?
7
Let z(x) = -x**2 + 4*x + 7. Give z(-2).
-5
Let o(z) = -43*z**3 + z**2 - 1. Give o(-1).
43
Let u(w) = -w**2 - 14*w + 211. Determine u(-23).
4
Let p(y) = -3*y**2 + 25*y - 37. Determine p(6).
5
Let y(c) = -c**2 + 2*c + 7. Determine y(-3).
-8
Let z(c) = -c**2 + 6*c + 5. Give z(5).
10
Let a(o) = -o**2 + o - 6. Give a(4).
-18
Let f(l) = -5*l. Calculate f(3).
-15
Let v(j) = -j**3 - 9*j**2 - 10*j - 3. Determine v(-7).
-31
Let d(s) = 2*s**2 - 24*s + 50. What is d(3)?
-4
Let v(t) = t**2 - 5*t + 1. Give v(3).
-5
Let i(o) = 2*o**2 - 14*o + 2. Give i(7).
2
Let h(i) = i**3 - i**2 + i - 20. Calculate h(0).
-20
Let s(h) = -h**3 + 4*h**2 + 6*h + 3. Determine s(5).
8
Let p(m) = m**2 + 10*m + 13. Give p(-9).
4
Let a(z) = -9*z + 27. Determine a(6).
-27
Let m(o) = 2*o + 10. Give m(7).
24
Let d(n) = -12*n**3 + 2*n**2 + n. Determine d(-1).
13
Let i(d) = -d**3 + 3*d**2 + 12*d - 6. What is i(5)?
4
Let q(m) = m**3 + 12*m**2 + 2*m + 22. Calculate q(-12).
-2
Let m(n) = 3*n - 15. Give m(9).
12
Let u(g) = -g**2 + 6*g - 9. Determine u(3).
0
Let j(o) = o**3 - 3*o**2 - 9*o - 8. Calculate j(5).
-3
Let s(j) = -j**2 - 94*j + 609. Calculate s(6).
9
Let y(m) = -m**3 - 10*m**2 + 8*m + 93. Calculate y(-10).
13
Let y(h) = 3*h + 17. Calculate y(-13).
-22
Let k(t) = 2*t**2 + 13*t - 10. Give k(-8).
14
Let y(d) = -6*d - 22. Determine y(-4).
2
Let r(c) = 7*c - 10. What is r(2)?
4
Let p(d) = d**2 + 14*d + 37. Give p(-3).
4
Let v(j) = j**3 + 8*j**2 - 28*j + 9. Give v(-10).
89
Let k(s) = 2*s**2 + s + 3. Determine k(-4).
31
Let a(p) = -8*p**3 + 2*p**2 + p - 1. Determine a(2).
-55
Let p(t) = 5*t**2 + 2*t - 6. What is p(-3)?
33
Let j(v) = -12*v - 2. Determine j(7).
-86
Let y(g) = -g**2 + 15*g - 12. Give y(13).
14
Let t(p) = -p**3 - 12*p**2 - 10*p - 4. Calculate t(-11).
-15
Let b(k) = -5*k**2 - 19*k + 3. Determine b(-5).
-27
Let g(u) = -u**2 - 7*u + 3. Calculate g(-4).
15
Let i(y) = -11*y + 23. Calculate i(-8).
111
Let n(m) = -9*m + 1. Determine n(2).
-17
Let i(r) = -2*r + 87. What is i(39)?
9
Let z(a) = 33*a + 306. What is z(-9)?
9
Let k(j) = -j**2 - 21*j + 3. Calculate k(-21).
3
Let q(b) = -13*b - 114. Calculate q(-10).
16
Let w(d) = d**3 - 8*d**2 - 13*d + 32. What is w(9)?
-4
Let c(o) = -o**3 - 7*o**2 - 5*o - 7. What is c(-6)?
-13
Let u(n) = -7*n + 10. What is u(1)?
3
Let u(a) = a**2 + 2*a + 1. What is u(-3)?
4
Let o(c) = -39*c - 6. Determine o(0).
-6
Let x(o) = 6*o + 48. Give x(-4).
24
Let x(z) = 8*z**3 - z**2 + 3*z - 2. Calculate x(1).
8
Let y(t) = 5*t + 3. What is y(2)?
13
Let i(l) = -l**3 - 3*l**2 + l - 1. What is i(-2)?
-7
Let u(s) = 16*s**2 - 78*s - 5. Give u(5).
5
Let z(o) = o**3 + 8*o**2 + 2*o - 6. Determine z(-7).
29
Let y(z) = -3*z - 20. What is y(-20)?
40
Let a(n) = n**3 + 2*n**2 - 8*n + 7. What is a(-4)?
7
Let n(o) = -3*o - 5. Give n(-3).
4
Let s(r) = -6*r + 8. Give s(6).
-28
Let q(s) = 28*s**2 - s. What is q(-2)?
114
Let l(j) = -j**3 + 5*j**2 + 3*j + 7. What is l(5)?
22
Let h(o) = o**2 - 11*o + 2. Determine h(10).
-8
Let d(c) = -6*c**3 - 7*c**2 + 3*c + 2. What is d(1)?
-8
Let v(p) = p**3 - 10*p**2 + 11*p - 13. What is v(9)?
5
Let z(v) = v**2 + 2*v - 24. Determine z(-5).
-9
Let i(p) = p**2 - 7. Calculate i(5).
18
Let c(k) = -k**3 - 6*k**2 + 15*k - 6. What is c(-8)?
2
Let l(g) = g**3 + 5*g**2 - 4*g + 6. Calculate l(-6).
-6
Let z(i) = -i**2 + 58*i - 324. Determine z(6).
-12
Let s(b) = -7*b**2 + 65*b - 18. Give s(9).
0
Let z(r) = r**3 - 6*r**2 + 6*r + 7. Give z(3).
-2
Let y(m) = -m**3 + 6*m**2 + 9*m + 9. Determine y(7).
23
Let g(p) = p**2 + 11*p - 8. What is g(-14)?
34
Let l(o) = o - 30. Calculate l(-14).
-44
Let q(a) = a**3 - 44*a**2 - 47*a + 99. Calculate q(45).
9
Let q(g) = g**3 - 8*g**2 + g + 17. Determine q(8).
25
Let c(n) = -n - 7. Determine c(-10).
3
Let h(n) = -n**3 + 23*n**2 - 21*n - 11. Give h(22).
11
Let s(n) = -n + 14. Calculate s(8).
6
Let f(o) = -o**2 - 10*o + 84. Give f(-16).
-12
Let s(p) = 2*p - 4. Give s(2).
0
Let c(a) = a**2 + 7*a - 19. Give c(-10).
11
Let w(v) = 2*v**2 + 21*v + 10. Calculate w(-11).
21
Let b(n) = -37*n + 217. Calculate b(6).
-5
Let j(h) = 25*h**2 - h + 2. Give j(-2).
104
Let h(m) = 3*m**2 - 100*m + 29. Calculate h(33).
-4
Let y(j) = 19*j + 25. Determine y(-2).
-13
Let g(w) = 14*w + 5. Determine g(-4).
-51
Let t(m) = 2*m - 9. What is t(9)?
9
Let b(g) = g**2 - 14*g + 12. Calculate b(10).
-28
Let g(p) = -p**3 + 8*p**2 + 12*p + 1. What is g(10)?
-79
Let u(d) = -3*d**3 + 2*d**2 - d + 3. What is u(2)?
-15
Let i(l) = 3*l**2 - l. Calculate i(-1).
4
Let l(u) = 4*u + 19. What is l(-3)?
7
Let b(z) = z**2 + 62*z + 741. Give b(-46).
5
Let f(u) = -16*u + 263. Give f(16).
7
Let p(d) = -d + 18. What is p(13)?
5
Let s(h) = 8*h + 5. Calculate s(-4).
-27
Let h(u) = -2*u**2 - 23*u + 14. Calculate h(-13).
-25
Let a(g) = 26*g + 101. What is a(-5)?
-29
Let t(f) = 2*f**2 + 14*f. What is t(-7)?
0
Let f(l) = -4*l**2 + 44*l - 44. Calculate f(10).
-4
Let v(j) = -j**2 - 11*j. Calculate v(-11).
0
Let f(i) = i**3 - 5*i**2 - 8*i + 3. Calculate f(6).
-9
Let w(v) = 31*v + 3. Calculate w(-1).
-28
Let b(q) = -4*q + 52. What is b(17)?
-16
Let g(w) = 34*w**2 + 2*w + 2. Determine g(1).
38
Let d(k) = 20*k**2 - 4*k. Determine d(-2).
88
Let i(v) = -v**3 - 8*v**2 + 47*v - 11. Calculate i(-12).
1
Let l(a) = -a**2 - 39*a + 70. What is l(-41)?
-12
Let w(u) = u**2 + 10*u - 1. Give w(-10).
-1
Let h(p) = -p**3 - p**2 + 93*p + 32. Determine h(-10).
2
Let v(m) = 2*m**3 + 23*m**2 - 209*m - 10. Determine v(6).
-4
Let l(a) = a**2 + 5*a - 2. What is l(4)?
34
Let j(x) = -x**3 + 10*x**2 + x - 5. What is j(10)?
5
Let x(a) = -15*a**3 - 19*a**2 - 3*a - 2. Calculate x(-1).
-3
Let r(a) = -a**2 + 8*a - 26. Determine r(4).
-10
Let n(s) = s**2 + 19*s + 33. Determine n(-16).
-15
Let c(a) = 2*a - 29. What is c(15)?
1
Let r(x) = 6*x + 46. What is r(-9)?
-8
Let c(j) = 2*j + 2. Calculate c(-2).
-2
Let r(l) = 66*l**2 + l. Give r(1).
67
Let h(z) = 12*z + 13. What is h(-1)?
1
Let h(m) = -m**3 - 13*m**2 - 22*m - 2. Determine h(-11).
-2
Let i(t) = t**3 - 9*t**2 - 23*t - 32. Give i(11).
-43
Let b(u) = 2*u**2 + 6*u + 8. Calculate b(-5).
28
Let f(l) = 2*l**2 + 13*l - 3. Calculate f(-8).
21
Let t(y) = 12*y - 2. What is t(-4)?
-50
Let n(f) = -f**2 - 17*f - 6. What is n(-16)?
10
Let y(j) = j**3 - 6*j**2 - 2*j - 2. Determine y(8).
110
Let b(h) = h**2 - 1. Give b(-3).
8
Let i(y) = y + 8. Calculate i(-7).
1
Let w(x) = x**3 + 17*x**2 - x - 14. Determine w(-17).
3
Let v(f) = 9*f + 61. What is v(-7)?
-2
Let f(n) = n**2 - n + 6. Give f(0).
6
Let f(j) = -20*j - 113. Give f(-6).
7
Let l(c) = c**3 - 5*c**2 - 17*c + 73. What is l(6)?
7
Let g(o) = -o - 3. Calculate g(-1).
-2
Let o(l) = l**3 + 8*l**2 + 4*l - 19. Calculate o(-7).
2
Let q(w) = w**3 + 9*w**2 - 3*w - 7. Calculate q(-9).
20
Let n(k) = -k**2 - 6*k + 4. Determine n(-3).
13
Let d(j) = -j**3 - 4*j**2 + 35*j + 20. What is d(-8)?
-4
Let s(l) = -l**2 - 10*l - 23. Give s(-3).
-2
Let d(n) = n**2 + 8*n - 25. Give d(-11).
8
Let v(t) = t**3 + 8*t**2 + 8*t - 2. What is v(-7)?
-9
Let r(s) = 66*s - 534. What is r(8)?
-6
Let n(o) = o**3 + 2*o**2 - 4*o - 3. Give n(-5).
-58
Let a(v) = v**3 - 8*v**2 + 6*v + 5. Give a(7).
-2
Let z(l) = -5*l - 119. Give z(-23).
-4
Let r(l) = -5*l**2 + 74*l + 86. Give r(16).
-10
Let b(r) = r**2 - 2*r + 6. Calculate b(7).
41
Let t(p) = p**2 + 6*p + 12. Give t(-8).
28
Let u(p) = 3*p**2 - p - 9. Determine u(-5).
71
Let j(u) = -10*u - 77. Calculate j(-8).
3
Let h(v) = -v**3 + 6*v**2 + 4*v + 6. What is h(5)?
51
Let f(g) = -2